se -215 = -2*s + j. What is the units digit of s?
0
Suppose v + 5*m = 41, 0 = -2*v - 0*v - 2*m + 106. Let p = 121 + v. What is the units digit of p?
7
Let y(k) = 11*k - 49. Let s be y(7). Let h = -19 + s. What is the tens digit of (-120)/6*(-1 + h/(-4))?
6
Let p = -373 + 383. Suppose 4*k + 6 = -p, -740 = -2*h + 3*k. What is the hundreds digit of h?
3
Suppose 1937970 = -114*q + 6505836. What is the hundreds digit of q?
0
Suppose -4*a - 5*p = -976, -8 + 28 = -5*p. What is the units digit of ((-332)/a)/(2/(-1002))?
8
What is the units digit of (6/(-15))/((-236)/(-2655))*-16158?
1
Let w(h) = -2*h**3 + h**2 - 2*h + 3. Let o be (4/(-8))/((-1)/8). Suppose 7 = -s + o*c, 0 = -s + c - 2 - 2. What is the tens digit of w(s)?
7
Suppose 7*g + 22 = 8. Let b = -5 + 26. Let x = b + g. What is the units digit of x?
9
Suppose -3*r + 2*l = -3*l - 443, 0 = 2*r - 4*l - 296. Suppose r*y - 145*y = 665. What is the tens digit of y?
6
Suppose -53*y = -39*y + 28. What is the hundreds digit of (-1505)/y + 114/228?
7
Let k be (1 + -3)/(((-5)/20)/1). Suppose -5*g + 12 = -4*s - 6, -s + k = 5*g. What is the units digit of s/(-3)*(-9)/(-2)?
3
Suppose y - 4 = -y + p, 15 = 3*y + 3*p. Let h be 410/(-4)*-2 + y. Suppose -b = b - 4*q - h, 4*b - 3*q = 441. What is the hundreds digit of b?
1
Let r(q) = -165*q**3 - 4*q**2 - 9*q - 8. Let g be r(-3). Suppose 5*a - g = -x, -8*x - 4420 = -5*a - 3*x. What is the hundreds digit of a?
8
Let u(s) = -s**2 + 12*s + 32. Let g be u(14). Suppose -g*c + 2*n = 6*n - 7124, 2*n = 4*c - 7148. What is the tens digit of c?
8
Suppose -199*d + 193*d = 0. Suppose d = -5*q + 40*m - 45*m + 3705, -1473 = -2*q + m. What is the units digit of q?
8
Let b = -3384 - -684. What is the tens digit of ((-4)/(-6))/(4 + 10791/b)?
0
Let c be (-18)/((-5 - -1) + 10/3). Suppose -3*q + 91 - c = -4*d, -4*d = -4*q + 84. Let h(x) = 7*x - 54. What is the units digit of h(q)?
6
Suppose -3*u + 4*f + 292 = 0, 3*u + 4*f = 5*u - 196. Let n = u - 93. Suppose -5*c + 467 = -n*h + h, 2*c + 5*h - 210 = 0. What is the tens digit of c?
9
Let q(g) = -3*g - 1. Let r(l) = -101*l + 19. Let c(b) = -4*q(b) + r(b). What is the hundreds digit of c(-4)?
3
Let w = 205 - -3183. What is the hundreds digit of w?
3
Let s be (-3 + -2)*(-2)/(-5). Let w = -1767 + 1843. What is the units digit of w - (-2)/s*4?
2
Let s(o) = -8*o**3 + 6*o**2 + 6*o - 241. What is the hundreds digit of s(-19)?
6
Let f(o) = 1398*o**2 - 624*o + 3122. What is the ten thousands digit of f(5)?
3
Suppose -75 = 19*y - 18*y. Let s = y + 71. What is the units digit of s/(-10)*(22 - -293)?
6
Suppose -n + 656 = 2*p - 5*p, -p - 240 = 5*n. Let m(o) = 89*o - 2. Let w be m(-5). Let h = p - w. What is the hundreds digit of h?
2
Let l(u) = 0*u**2 - 19*u + 0*u + 13 - 9*u**2 + u**3. What is the hundreds digit of l(13)?
4
Let h = -60813 + 90891. What is the thousands digit of h?
0
Suppose 34*y - 242198 = -27*y + 87812. What is the units digit of y?
0
Suppose -p - 13*p + 294 = 0. Suppose p*k - 33*k = -5220. What is the units digit of k?
5
What is the tens digit of -23 - -324 - 26/(-2)?
1
Let z(q) = q**2 - 3*q + 1278. What is the hundreds digit of z(62)?
9
Let v be -4*15/120*(-1 + -3). Suppose -3734 = v*w - 4*w + 3*q, -3*w - 2*q + 5614 = 0. What is the tens digit of w?
7
Suppose 25 = x - 9. Suppose 0 = -31*j + x*j - 1035. What is the hundreds digit of j?
3
Suppose 3*g - 2*g - 2*b - 653 = 0, 4*g + 3*b - 2645 = 0. Suppose -g = -6*v - 77. What is the units digit of v?
7
Suppose 11893 = a + 3*i, -27*a + 31*a - 47590 = -3*i. What is the units digit of a?
9
Let i(j) = -3*j**2 + j**2 + 6 + 15*j + 1 - 17*j. Let n be i(-4). Let x(s) = -s**2 - 17*s + 16. What is the tens digit of x(n)?
1
Let f be 1/(8 + (-36892)/4612). Let t = -195 + f. What is the tens digit of t?
5
Let c(g) = -32*g**2 - 5*g + 4. Let t be c(-2). Let x(i) = -102*i - 1. Let z be x(1). Let u = z - t. What is the units digit of u?
1
Suppose 41*g - 921749 - 44334 = 0. What is the thousands digit of g?
3
Let i(n) = -2*n + 10. Let x be i(3). Suppose 3*q - 16 = -x. Suppose -q*l = 4, l + 536 = 5*z + 60. What is the units digit of z?
5
Suppose -13*a + 414 = -22*a. Let s = -28 - a. What is the units digit of s?
8
Let n be 138/10 - 2/(-10). Suppose -2 = 4*y - n. Suppose y*m - 5*k = 159, -4*m - k + 182 = -53. What is the tens digit of m?
5
Let i = -5475 + 15406. What is the tens digit of i?
3
Let z(w) be the second derivative of 2*w**4 + w**3/6 + 4*w**2 - 33*w. What is the units digit of z(3)?
7
Let s(f) = -f**3 + 7*f**2 + 30*f + 8. Let n be s(10). What is the units digit of 9870/85 - n/68?
6
Let q = -11757 + 19104. What is the thousands digit of q?
7
Let x = -1324 - -536. Let y = -380 - x. Let i = -255 + y. What is the units digit of i?
3
Suppose -6*x + 2*x + 2*x = 0. Suppose 0 = 2*i - 8, 5*v + i + 2*i - 87 = x. Suppose -11*t = -v*t + 380. What is the units digit of t?
5
What is the units digit of 3*(-94)/(32/(-4) - -5)?
4
Let p(t) be the third derivative of 73*t**4/24 - 26*t**3/3 + 24*t**2 + 2*t. What is the units digit of p(7)?
9
Suppose -5*g + 26 = 4*j, -5*j + 2*j = 4*g - 20. Suppose 3 = -3*w - 0*w, a = j*w + 39. Suppose 4*v = 3*q - 25, q + 3*v - a = -v. What is the tens digit of q?
1
Suppose 3*z - 2316*p - 7959 = -2315*p, 3*p = 0. What is the thousands digit of z?
2
Let o = 5201 - -1406. What is the thousands digit of o?
6
Let z be ((-354)/295)/(((-3)/(-10))/(-1)). Suppose 180 = -z*b + 2128. What is the hundreds digit of b?
4
Let c(k) = -11*k - 2. Let h be (8/10)/((-8)/20). Let j be c(h). What is the hundreds digit of 1381/7 - j/70?
1
Suppose -13*j = -10*j - 321. Suppose -10*q - 256 = -946. Let w = j - q. What is the tens digit of w?
3
Suppose 4*q - 9 - 11 = 0. Suppose 2*w - q*m = -w + 616, 0 = -4*w + m + 844. What is the tens digit of w?
1
Let q = -35 + 51. Let b(n) = -34*n**2 + 71*n - 3. Let d be b(2). Let j = q - d. What is the tens digit of j?
1
Suppose -7*s + 17 = 150. Let a(n) = -n - 14. Let k be a(s). Suppose 1360 = 3*c + k*c. What is the hundreds digit of c?
1
What is the units digit of ((-6348)/368)/(15/(-14860))?
9
Let x(k) = -187*k + 1957. What is the units digit of x(-69)?
0
Let c(q) = -9892*q - 270. What is the units digit of c(-4)?
8
Let i(t) = 2*t - 8 + 6 - 137*t**2 + t**2 + 6. Let l be i(-1). Let z = l - -143. What is the units digit of z?
9
Let s = 8080 - 4129. What is the tens digit of s?
5
Let v(r) = -6*r. Let a be v(-17). Let x = -102 + a. Suppose 0*c + 4*m + 326 = 2*c, x = 2*m - 6. What is the hundreds digit of c?
1
Let a(c) = 4*c + 449. Let r(o) = -2*o - 20. Let d be r(-10). Let n be a(d). Let z = n - 231. What is the units digit of z?
8
Let b(c) = -6*c**2 + 2*c**2 - 8*c + 5*c**2 + 14. Let l be b(4). Let q(v) = -31*v + 15. What is the units digit of q(l)?
7
What is the tens digit of 14 + 83565/9 - -9?
0
Suppose 3*l + 73 = -248. Let i = l + 219. What is the units digit of i?
2
Suppose 0 = 3*n - 9, -3*j - 4*n = -n + 3. Let f(t) be the first derivative of -13*t**2/2 - 13*t + 828. What is the tens digit of f(j)?
3
Let x(w) = w**2 - 39*w - 248. Let h = -344 + 318. What is the thousands digit of x(h)?
1
Let h(r) = -r**2 + 98*r + 4509. What is the units digit of h(114)?
5
Let l = -659 + 660. What is the tens digit of (-5)/l + 1164 - 6?
5
Suppose -8*j + 4 = -6*j. Let t(w) = 3*w**2 - 6*w + 4. Let n be t(j). Suppose 2*q - n*c - c = 197, 2*q - 188 = -4*c. What is the units digit of q?
6
Suppose k = 3*k + 4. Let t be (-2 - (-6 - k)) + (-2)/(-1). Suppose -t*h = -4*w - 456, 0 = -5*h + 3*w + 270 + 294. What is the units digit of h?
1
Suppose -x + 716 = 4*z - 5*x, -4*z + 714 = -5*x. What is the tens digit of (z/(-1))/((-40)/(-14) + -3)?
6
What is the tens digit of 2690/(-6725) - 1/(10/(-780894))?
8
Let k(s) = s**3 - 61*s**2 + 30*s + 51. What is the thousands digit of k(63)?
9
Let d = 64 + -64. Suppose d*t - 3*t = -12, -3*n + t - 769 = 0. What is the units digit of (-7)/(-4 - n/65)?
1
Let n be (-2211)/(-15) - 6/(-10). Let g(t) = 2*t**3 - 29*t**2 + 37*t - 32. Let l be g(14). Suppose -l = 143*p - n*p. What is the tens digit of p?
5
Let r = -13114 - -20504. What is the units digit of r?
0
What is the thousands digit of (((-1)/(-6))/(8/(-48992)))/(2/(-21))?
0
Suppose -16*q = -4*x - 20*q, -x + 5*q = -30. Suppose 3*o = 2*j + 1251, x*o - 2060 = -26*j + 21*j. What is the hundreds digit of o?
4
Suppo